136
Let r(k) = 17*k**2 + 9*k + 21. Calculate r(-2).
71
Let a(x) = 249*x - 90639. Give a(364).
-3
Let u(h) = 3*h**3 - 113*h**2 - 38*h + 16. Determine u(38).
16
Let f(n) = 9*n - 17. Calculate f(10).
73
Let l(z) = -2*z**2 - 6388*z + 5. Determine l(0).
5
Let f(q) = -4*q**2 + 6*q + 97. What is f(-4)?
9
Let d(r) = -3*r**3 + 9*r**2 - 11*r - 27. What is d(-2)?
55
Let x(c) = c**3 + 9*c**2 + 8*c - 12. Calculate x(-7).
30
Let u(b) = -b**3 - 18*b**2 - 133*b - 1097. Determine u(-14).
-19
Let u(o) = -4*o**2 - 262*o - 132. What is u(-65)?
-2
Let f(c) = -1731*c + 12113. Calculate f(7).
-4
Let n(m) = 738*m - 3. What is n(0)?
-3
Let k(h) = -124*h - 1820. Give k(-15).
40
Let b(w) = 11*w**2 + 915*w + 171. Calculate b(-83).
5
Let w(r) = -2*r**3 - 4*r**2 - 19*r - 42. Give w(-2).
-4
Let q(g) = g**2 + 12*g - 214. What is q(-20)?
-54
Let j(t) = t**2 - 2*t - 165. Calculate j(-11).
-22
Let u(n) = -2*n**2 - 100*n + 810. What is u(-57)?
12
Let c(t) = -73*t**2 - 1467*t - 136. Give c(-20).
4
Let y(l) = 3*l**3 - 16*l**2 - 10*l - 18. Give y(6).
-6
Let x(o) = -574*o**2 + 8037*o - 20. Calculate x(14).
-6
Let m(z) = 1146*z + 1151. Calculate m(-1).
5
Let n(r) = -749*r - 4507. Give n(-6).
-13
Let o(i) = -i**3 + 10*i**2 - 14*i - 26. What is o(8)?
-10
Let p(m) = m**3 + 35*m**2 + 162*m + 7115. Give p(-36).
-13
Let i(s) = 3*s**3 + 37*s**2 + 28*s + 202. Calculate i(-12).
10
Let x(b) = -34*b**2 - 10*b - 22. Determine x(-4).
-526
Let p(w) = 181*w**2 + 745*w + 92. Give p(-4).
8
Let z(j) = 30*j + 1340. What is z(-44)?
20
Let b(q) = -26*q + 1750. Give b(58).
242
Let p(v) = 63*v - 28. Determine p(-16).
-1036
Let s(p) = 37*p**2 + p - 11. Determine s(-1).
25
Let s(g) = 41*g + 324. Give s(-7).
37
Let i(s) = -s**3 - 7*s**2 + 155*s + 1. Calculate i(10).
-149
Let s(j) = -153*j - 1049. Calculate s(-7).
22
Let y(x) = -x**2 - 95*x - 2257. Give y(-45).
-7
Let a(v) = v**2 - 75*v + 846. Give a(67).
310
Let j(b) = -23*b**2 - 599*b + 600. Give j(1).
-22
Let j(r) = 74*r**2 + 6*r + 5. What is j(-1)?
73
Let c(n) = 3*n**3 - 278*n**2 + 1088*n + 4. Calculate c(4).
100
Let h(u) = -2*u**3 + 16*u**2 - 5*u + 60. Calculate h(7).
123
Let v(b) = -36*b - 208. Determine v(-6).
8
Let a(z) = -170*z - 223. Determine a(-4).
457
Let z(m) = 126*m**2 - 254*m - 5. Calculate z(2).
-9
Let d(z) = -12*z + 137. Determine d(14).
-31
Let y(a) = -41*a**2 - 6932*a - 502. Determine y(-169).
5
Let u(w) = w**2 - 67*w - 2405. Determine u(-26).
13
Let b(m) = -4815*m - 38518. What is b(-8)?
2
Let c(z) = -7*z**2 - 48*z + 3812. Give c(-27).
5
Let k(m) = m**3 + 9*m**2 + 26*m + 404. Determine k(-12).
-340
Let d(z) = 2*z**3 - 12*z**2 - 24*z - 5. Give d(-2).
-21
Let s(d) = -d**3 - 57*d**2 + 523*d - 31. Give s(8).
-7
Let x(m) = -m**2 - 75*m + 13608. Calculate x(85).
8
Let p(h) = -45*h**2 - 675*h + 21. Determine p(-15).
21
Let a(f) = 3*f**2 + 4*f - 2. What is a(-4)?
30
Let f(w) = 432*w - 2062. Calculate f(5).
98
Let u(r) = -r**3 + r**2 - 24*r + 163. Give u(0).
163
Let g(b) = b**3 + 8*b**2 - 8*b + 46. Determine g(-11).
-229
Let f(t) = t**3 + t**2 - 20*t + 14. Give f(-7).
-140
Let c(u) = u**3 - 4*u**2 - 20*u + 47. Give c(5).
-28
Let b(x) = -x**2 - 6*x + 24. What is b(3)?
-3
Let n(y) = 5*y**2 - 54*y - 8. Give n(11).
3
Let a(n) = -36*n - 440. What is a(-9)?
-116
Let k(s) = 101*s + 2123. Determine k(-24).
-301
Let p(h) = -h**2 - 71*h + 2. Give p(-67).
270
Let w(r) = r**2 - 71*r + 331. Give w(5).
1
Let n(u) = u**3 - 11*u**2 + 3*u - 10. Determine n(3).
-73
Let b(g) = -37*g**2 + 10*g + 19. Calculate b(-3).
-344
Let z(o) = 12*o + 424. Calculate z(-34).
16
Let m(f) = 61*f + 7512. Determine m(-123).
9
Let g(x) = 4*x**3 - 29*x**2 + 18*x - 8. Determine g(7).
69
Let z(v) = 34*v - 257. What is z(8)?
15
Let r(x) = x**3 - 22*x**2 - 3*x + 89. Determine r(22).
23
Let t(p) = -p**3 + 9*p**2 - 113*p + 599. Determine t(6).
29
Let r(a) = -2*a**3 + 8*a**2 - 9*a + 49. Give r(5).
-46
Let d(l) = -5*l**3 - 19*l**2 + 18*l - 5. What is d(-2)?
-77
Let j(y) = -6*y**2 + 23*y + 60. What is j(-3)?
-63
Let l(k) = 82*k - 177. What is l(2)?
-13
Let d(i) = -291*i - 479. What is d(-2)?
103
Let t(a) = -a**2 - 17*a + 1098. Calculate t(26).
-20
Let z(u) = -2227*u + 42315. What is z(19)?
2
Let h(r) = r**2 + 45*r - 8. Determine h(-39).
-242
Let k(q) = q**3 - 5*q**2 + 12*q - 34. Give k(4).
-2
Let o(h) = 55*h - 1203. Give o(21).
-48
Let r(f) = -799*f - 6409. What is r(-8)?
-17
Let x(d) = d**2 - 106*d - 1683. Give x(-14).
-3
Let u(q) = -152*q**2 - 763*q - 13. Calculate u(-5).
2
Let g(h) = 6*h**2 + 9*h + 19. What is g(-6)?
181
Let k(w) = -w**2 + 63*w - 629. Give k(44).
207
Let y(j) = 2*j**3 - 25*j**2 + 61*j + 23. Calculate y(9).
5
Let n(j) = -6*j**2 + 140*j + 481. Give n(-3).
7
Let m(d) = d**3 + 8*d**2 + 132*d + 718. Determine m(-6).
-2
Let z(i) = 3*i**2 + 81*i - 726. Give z(-34).
-12
Let q(i) = -1149*i + 40207. Determine q(35).
-8
Let w(v) = -51*v**2 - 124*v + 16. Give w(-3).
-71
Let q(z) = -326*z + 2299. Give q(7).
17
Let w(g) = -1970*g - 78822. Give w(-40).
-22
Let u(c) = -c**3 - 29*c**2 + 57*c - 165. Give u(-31).
-10
Let w(b) = -26*b - 105. Determine w(-9).
129
Let m(q) = -430*q + 2556. Give m(6).
-24
Let f(k) = -295*k + 74924. Calculate f(254).
-6
Let q(n) = 3*n**3 - 24*n**2 - 2*n + 27. Give q(8).
11
Let b(r) = 3*r**2 - 26*r + 35. Give b(7).
0
Let p(w) = -w**3 - 14*w**2 - 26*w + 95. What is p(-5)?
0
Let i(y) = -y**3 + 66*y**2 + 69*y - 186. Give i(67).
-52
Let f(g) = g**2 - 54*g + 36. Calculate f(0).
36
Let h(u) = -322*u**2 + 2*u + 6. What is h(-1)?
-318
Let j(r) = -r**2 + 393*r - 3018. Determine j(8).
62
Let o(b) = 91*b + 4183. What is o(-46)?
-3
Let z(v) = -21438*v - 171494. Determine z(-8).
10
Let c(s) = -s**2 - 464*s + 2826. Give c(6).
6
Let x(m) = -11*m**3 + 8*m**2 + 11*m + 1. What is x(-1)?
9
Let c(g) = -g + 35. Determine c(-54).
89
Let a(l) = l**3 - 56*l**2 + 245*l + 507. What is a(51)?
-3
Let t(i) = 9*i**3 + 730*i**2 + 78*i - 250. Determine t(-81).
-7
Let y(d) = d**3 + 19*d**2 + 115*d + 301. Determine y(-11).
4
Let u(z) = 5*z**2 + 8*z - 32. What is u(3)?
37
Let x(p) = -2321*p - 32483. Determine x(-14).
11
Let t(i) = 76*i - 2699. Calculate t(36).
37
Let q(i) = -124*i + 12773. Determine q(103).
1
Let w(s) = -39*s**3 + 3*s**2 - 4*s + 6. Give w(2).
-302
Let j(y) = -59*y - 1712. Give j(-30).
58
Let p(d) = -d**2 + 69*d - 914. Determine p(52).
-30
Let y(a) = -3*a**2 - 86*a + 242. What is y(-31)?
25
Let q(y) = y**3 - 33*y**2 + 5*y - 158. Calculate q(33).
7
Let p(f) = -f**3 + f**2 + 36*f - 86. Determine p(5).
-6
Let l(h) = 13*h - 109. Determine l(7).
-18
Let n(v) = v**3 + 46*v**2 - 44*v + 2492. Determine n(-48).
-4
Let w(h) = -h**2 + 553*h - 2819. Give w(5).
-79
Let n(j) = -640*j + 136950. What is n(214)?
-10
Let o(m) = -165*m - 18316. Give o(-111).
-1
Let m(s) = -47*s - 1835. Calculate m(-36).
-143
Let h(t) = 4*t**2 + 69*t - 138. Determine h(-18).
-84
Let o(m) = 3*m**2 - 20*m + 40. What is o(2)?
12
Let k(t) = t**2 + 29*t + 581. Give k(-34).
751
Let y(f) = -f**3 - 11*f**2 - 15*f - 37. What is y(-9)?
-64
Let l(j) = 1557*j - 4674. What is l(3)?
-3
Let h(q) = -q**3 + 11*q**2 - 27*q + 34. What is h(8)?
10
Let r(y) = y**3 + 30*y**2 - 34*y - 139. Determine r(-30).
881
Let h(v) = -v**3 - 7*v**2 + 26*v - 32. Calculate h(-10).
8
Let n(l) = 25*l**3 - 100*l**2 + l - 9. Give n(4).
-5
Let t(i) = -29*i**3 - 21*i**2 + 47*i - 8. Determine t(2).
-230
Let x(t) = -t**2 + 6*t - 17. Calculate x(15).
-152
Let k(v) = -3553*v + 113684. What is k(32)?
-12
Let y(q) = -227*q - 423. Give y(-2).
31
Let v(q) = -2*q**2 - 31*q - 89. Calculate v(-6).
25
Let u(n) = -463*n - 467. Calculate u(-1).
-4
Let x(s) = -s**2 - 177*s - 7791. Calculate x(-94).
11
Let w(d) = 83*d - 1583. What is w(19)?
-6
Let i(p) = 19*p - 28. What is i(-18)?
-370
Let c(m) = -89*m - 5082. Give c(-57).
-9
Let q(g) = g**2 + 98*g - 1903. What is q(16)?
-79
Let g(n) = 18*n**2 + 123*n - 13. Determine g(-7).
8
Let z(s) = -151*s + 39. Calculate z(1).
-112
Let f(s) = s**3 - 2*s**2 + 6*s - 21. Give f(0).
-21
Let d(p) = 122*p + 3334. Give d(-28).
-82
Let a(s) = -311*s + 25804. Calculate a(83).
-9
Let j(n) = 3*n**2 - 172*n - 294. What is j(59)?
1
Let x(p) = -78*p - 4143. Calculate x(-53).
-9
Let q(j) = -2*j**2 - 143*j + 925. Calculate q(6).
-5
Let p(r) = -1128*r + 10140. Determine p(9).
-12
Let o(w) = -15*w + 80. Determine o(-10).
230
Let t(z) = -21*z**2 - 172*z + 